31201813 a prime number?
True
Is 37819667 a composite number?
False
Is 719175173 composite?
True
Is 5687419 composite?
False
Is 37579081 a prime number?
False
Is 538387 composite?
True
Is 1272143 a prime number?
False
Is 15930317 a prime number?
False
Is 21196847 composite?
True
Is 9465221 a composite number?
False
Is 64849357 composite?
False
Is 14192911 composite?
False
Is 122985379 prime?
False
Is 15800243 a prime number?
True
Is 67268059 a prime number?
True
Is 3310789 a composite number?
False
Is 27533929 a prime number?
True
Is 554674369 composite?
True
Is 75847211 a composite number?
True
Is 12338987 composite?
False
Is 12519557 a composite number?
False
Is 256248757 composite?
False
Is 210454097 composite?
True
Is 2366107 a composite number?
True
Is 6828593 prime?
False
Is 3173791 composite?
False
Is 1022561 a composite number?
True
Is 13261021 prime?
True
Is 667904179 a composite number?
True
Is 775919 composite?
False
Is 3796201 a composite number?
False
Is 33834847 composite?
False
Is 1179181 composite?
True
Is 777541 prime?
True
Is 12421163 prime?
True
Is 14852081 a prime number?
False
Is 26191567 composite?
True
Is 3593789 a prime number?
False
Is 447053 a prime number?
True
Is 312285611 a prime number?
False
Is 17466011 prime?
True
Is 15652229 composite?
False
Is 1447921 composite?
True
Is 26217271 a prime number?
True
Is 113726869 prime?
False
Is 53981591 a prime number?
True
Is 81766019 prime?
True
Is 4106939 composite?
False
Is 92330501 prime?
True
Is 10468643 prime?
False
Is 130486859 prime?
True
Is 1142543 a composite number?
True
Is 1831173 a composite number?
True
Is 862097 prime?
True
Is 416797 a composite number?
False
Is 12885409 a prime number?
True
Is 472523 a composite number?
False
Is 394319 a composite number?
False
Is 2954639 composite?
False
Is 2521313 a composite number?
True
Is 3209669 prime?
False
Is 5823827 a prime number?
False
Is 52216291 a prime number?
True
Is 625145 a composite number?
True
Is 101772469 a prime number?
True
Is 12046037 a prime number?
True
Is 164488703 composite?
False
Is 5735711 a prime number?
True
Is 11562041 composite?
True
Is 183361 a prime number?
True
Is 9828839 a prime number?
False
Is 86970287 a composite number?
False
Is 74156323 a prime number?
False
Is 471224557 a composite number?
False
Is 20773586 prime?
False
Is 25754839 a composite number?
True
Is 7578643 prime?
True
Is 546569 a prime number?
True
Is 26947493 a prime number?
True
Is 1164173 prime?
True
Is 10956269 a prime number?
True
Is 5156399 prime?
True
Is 6807665 a composite number?
True
Is 123302101 a composite number?
True
Is 3720133 composite?
True
Is 288507847 a prime number?
False
Is 328969 composite?
True
Is 5674315 a prime number?
False
Is 188731 prime?
False
Is 5582627 a composite number?
True
Is 16708595 a prime number?
False
Is 658049 composite?
True
Is 2931281 a prime number?
False
Is 1801073 composite?
False
Is 1055782099 a prime number?
True
Is 16263707 a composite number?
True
Is 15425603 a prime number?
True
Is 85843286 prime?
False
Is 107441 a prime number?
True
Is 599083666 composite?
True
Is 15925001 a composite number?
True
Is 31464065 a composite number?
True
Is 7135099 a prime number?
True
Is 8977539 composite?
True
Is 8406469 prime?
False
Is 2712543 prime?
False
Is 343261459 a prime number?
False
Is 2232749 a prime number?
True
Is 23216341 composite?
False
Is 645173317 prime?
True
Is 919526 composite?
True
Is 3689767 prime?
False
Is 163100479 prime?
True
Is 196919 a prime number?
True
Is 671059 a composite number?
False
Is 5197949 composite?
True
Is 76557658 a prime number?
False
Is 2979598 composite?
True
Is 6988439 a composite number?
False
Is 233956817 a prime number?
False
Is 4517927 composite?
False
Is 50813171 a prime number?
True
Is 23359738 prime?
False
Is 601223 prime?
False
Is 95427029 prime?
True
Is 83901659 a composite number?
False
Is 2313001 composite?
True
Is 15378941 prime?
True
Is 726373 a prime number?
False
Is 94638613 a prime number?
True
Is 418045111 a prime number?
False
Is 771147121 a composite number?
False
Is 298642913 a prime number?
False
Is 1597331 a composite number?
False
Is 40844261 a composite number?
False
Is 601417 prime?
False
Is 919679 a prime number?
True
Is 3391877 a prime number?
True
Is 57571 composite?
False
Is 1743851 a composite number?
False
Is 74804734 a composite number?
True
Is 588689 a composite number?
True
Is 19679833 composite?
False
Is 28031177 composite?
False
Is 625416817 composite?
False
Is 1337887 composite?
True
Is 62252431 a prime number?
True
Is 121274767 composite?
False
Is 436844819 prime?
False
Is 3553829 prime?
False
Is 13813823 a composite number?
True
Is 117229369 a prime number?
False
Is 1141901 a composite number?
False
Is 85814629 a prime number?
False
Is 20154829 composite?
False
Is 8453273 a composite number?
False
Is 81419 prime?
False
Is 581767847 a prime number?
False
Is 221317583 composite?
True
Is 33895663 composite?
True
Is 11555669 a prime number?
True
Is 63002449 a composite number?
True
Is 1840291 composite?
True
Is 34028129 prime?
True
Is 70391 a prime number?
False
Is 34838569 a prime number?
False
Is 391145 a composite number?
True
Is 32772563 a prime number?
True
Is 1575811 composite?
False
Is 308745865 prime?
False
Is 42343669 a composite number?
False
Is 130146823 composite?
False
Is 33817 a prime number?
False
Is 52726403 composite?
False
Is 118677499 a prime number?
True
Is 24911173 composite?
True
Is 37579489 prime?
True
Is 2204327 a prime number?
True
Is 23893099 composite?
True
Is 676646267 a composite number?
True
Is 38672611 composite?
False
Is 18185485 a composite number?
True
Is 4521817 composite?
False
Is 1595647 prime?
True
Is 18719501 composite?
True
Is 83593453 a composite number?
True
Is 31931941 a composite number?
True
Is 2335405 composite?
True
Is 411371 a composite number?
False
Is 15447233 a prime number?
True
Is 7878513 prime?
False
Is 27980999 prime?
True
Is 12637711 prime?
True
Is 521757889 a prime number?
True
Is 92384989 a composite number?
True
Is 7882499 a composite number?
True
Is 1270253 composite?
True
Is 1463711 prime?
False
Is 2219521 a composite number?
True
Is 19743071 a prime number?
False
Is 775058 a composite number?
True
Is 120056191 prime?
False
Is 239383 composite?
False
Is 2254786 a composite number?
True
Is 3816377 a prime number?
True
Is 1991351 a composite number?
False
Is 203246555 prime?
False
Is 6269399 a composite number?
True
Is 77909407 composite?
True
Is 1260761 a composite number?
True
Is 44118649 prime?
True
Is 19577797 composite?
True
Is 3451649 a prime number?
True
Is 719176181 a composite number?
False
Is 12629021 a prime number?
True
Is 1012335505 a composite number?
True
Is 98573309 a prime number?
True
Is 767791 prime?
False
Is 4136411 a prime number?
True
Is 120899 prime?
True
Is 4832347 composite?
True
Is 45645859 composite?
True
Is 7202401 prime?
True
Is 105545339 a composite number?
True
Is 65036251 composite?
True
Is 173279413 a composite number?
False
Is 3707339 composite?
False
Is 7906753 prime?
True
Is 391000403 prime?
False
Is 31894831 composite?
False
Is 1881497 a prime number?
False
Is 43649189 a prime number?
True
Is 7872689 a prime number?
False
Is 55872859 a prime number?
False
Is 1271419 a prime number?
True
Is 28133819 prime?
False
Is 2170409 a composite number?
False
Is 689279 a prime number?
True
Is 4095569 composite?
True
Is 29290867 a prime number?
False
Is 2700821 a prime number?
False
Is 67054753 a prime number?
True
Is 8777999 a prime number?
True
Is 177585119 a prime number?
True
Is 2934969 composite?
True
Is 1198742 a prime number?
False
Is 519889 a composite number?
False
Is 272599969 composite?
True
Is 2953661 prime?
True
Is 183235259 a prime number?
False
Is 1935509 prime?
True
Is 59370827 composite?
True
Is 2362559 a composite number?
False
Is 111018667 composite?
False
Is 204529 a prime number?
False
Is 372791 prime?
False
Is 21763713 a prime number?
False
Is 195492053 prime?
False
Is 3713533 prime?
True
Is 55811593 a prime number?
False
Is 19981517 prime?
False
Is 437071 composite?
False
Is 13193683 composite?
True
Is 187591835 a composite number?
True
Is 14918167 prime?
False
Is 2693963 a composite number?
True
Is 8659